*z - a = -22*z. Is z a prime number?
False
Let t be (-15)/6*(-83199 - 56/(-8)). Suppose 48*o - t = 28*o. Is o composite?
False
Let l(b) = 34*b**2 + 15*b + 97. Is l(14) a prime number?
True
Suppose 0 = 5*o + 4*q + 10, -2*q - 2 = o - 3*q. Let r(p) = -397*p**3 + 8*p**2 + 2*p - 5. Is r(o) prime?
False
Let o = 1215373 + -774092. Is o a composite number?
False
Is 10 - (-25)/((-350)/448)*-762 composite?
True
Suppose 122*z - 310984 = -61876 + 136778. Is z prime?
True
Suppose -u - 2 + 4 = 0. Suppose 0 = -u*s - s + 15. Suppose -2*z = -s*a + 5215, 0 = 2*a + 2*z - 5*z - 2086. Is a composite?
True
Let z be (1 + -2)/((4 - 6)/10). Suppose d - 790 - 1286 = 0. Suppose d = z*a - 1099. Is a a prime number?
False
Is (12/(-21) + (-90)/(-84))*2713684/2 composite?
False
Let t(w) = w**3 + 8*w**2 - 18*w. Let y be t(-10). Is (-7835)/y*(6 - 4/2) a prime number?
True
Suppose 30*g + 2052315 - 9268845 = 0. Is g a prime number?
True
Suppose 242478 - 713675 = -19*f + 1582076. Is f a composite number?
True
Let d(u) = -192 - 277*u - 185 + 376 - 275*u. Is d(-10) a prime number?
True
Let i(q) = 71*q + 36. Let t be i(8). Suppose -t = -55*d + 53*d. Is d a prime number?
False
Let r be 10384/(-32) + (-1)/(-2). Let p be (2/(-6))/(18/r). Is p/(-27) - 27160/(-72) a composite number?
True
Let t(y) = 4*y - 1. Let g be t(-2). Let f(x) = 35*x**2 - 20*x - 20. Is f(g) prime?
False
Let n = 11944 + -8337. Is n composite?
False
Suppose -10 = u - 2*p - 1, -6 = u - 3*p. Let c be (u/(-45))/((-2)/42). Is c/((-35)/25) + 38 prime?
True
Let s = 16304 - -26307. Is s prime?
True
Suppose -1501578 = 27*i - 0*i. Let t = -38885 - i. Is t composite?
False
Let q be 45/(-55) + (-2)/11. Let r(z) = 9*z**2 - z - 1. Let t be r(q). Suppose t*f - 12*f = -5703. Is f prime?
True
Let d(x) = -x**2 + 21*x + 28. Let s(i) = -3*i - 38. Let h be s(-20). Let q be d(h). Suppose -3*m - 4*f + q*f = -3823, -5*f + 2536 = 2*m. Is m composite?
True
Let w = 45000 + 10523. Is w a prime number?
False
Let l(b) = -2*b + 24. Let k = 70 + -62. Let r be l(k). Suppose 3*n = -r*n + 3377. Is n composite?
False
Let l(r) be the second derivative of r**3/6 - 12*r. Let f be l(-4). Is (1285/15)/(f/(-84)) prime?
False
Let n(j) = 2209*j**2 - 13*j - 13. Is n(5) a composite number?
False
Let x = -84622 + 142811. Is x a prime number?
True
Is (2/(-9) - 110/(-198))*(7 + 309992) a prime number?
True
Let h = 621867 + 977242. Is h a composite number?
False
Let n(w) = -2*w + 2. Let r be n(6). Let b be (2 - 375)*(-4 + r). Suppose -5*s = -3*s - b. Is s composite?
True
Suppose -16*f + 23 + 57 = 0. Let p(n) = 88*n**3 - 4*n**2 + n - 12. Is p(f) prime?
False
Let o be -24 + -2*5/10. Let x(w) = w**3 + 24*w**2 - 24*w + 33. Let s be x(o). Suppose s*v = -3*a + 3*v + 162, a - 44 = -5*v. Is a a composite number?
False
Suppose 3*j = -j + m, m = -j. Suppose -3*p - 13*p - 24672 = j. Is p/(1/(-3)*(-1 - -7)) a composite number?
True
Suppose 2*n - 16 = -2*h, -4*n + 54 = 5*h + 18. Let l be 1*(0/h)/(-1). Is (-59)/(-2)*(2 - l) composite?
False
Let a(x) = 1028*x**2 - 7*x - 7. Let v be a(-2). Suppose w - v = 4408. Is w composite?
False
Is 950/(-76)*95596/(-10) prime?
False
Is (63/12)/(31/(33224560/60)) a composite number?
True
Let s(l) be the third derivative of 5*l**4/24 + 35*l**3/6 - 6*l**2. Let t be s(-7). Suppose -h = 2*i - t*h - 1507, 0 = -2*i - 4*h + 1522. Is i prime?
True
Let k be 10 + 1 + 55 + -60. Is (-3)/k*-2*11351 a prime number?
True
Let n(c) = -3667*c + 10. Let l be n(-5). Is l/12 - (25/(-20) - -1) a prime number?
False
Let z(k) = 5*k**3 + 31*k**2 - 16*k - 253. Is z(21) a composite number?
False
Suppose -g + 207 + 44 = 0. Let y(x) = x**3 - 7*x + g - 253 + 0*x**3 + 7*x**2. Is y(5) a composite number?
False
Is 28551 - 19/((-133)/56) a prime number?
True
Suppose b + 6*b - 42 = 0. Is (423348/(-16)*-2)/(b/4) composite?
False
Suppose 4*u + 12 = 2*k, -142*k + 8 = -139*k - u. Let s(q) = 66*q**2 + 3*q + 2. Let z(b) = -67*b**2 - 4*b - 2. Let f(i) = 4*s(i) + 3*z(i). Is f(k) composite?
True
Let y(a) = 638*a**2 + 21*a. Let t be y(-4). Suppose -32387 = -7*f + t. Is f a prime number?
True
Suppose 38433 = 4*r - 135571. Is r composite?
True
Let n = 17451 - 10377. Suppose n = 2*p - 1644. Is p a composite number?
True
Let z be ((-9)/(-12) - 9/12)*-1. Let a(l) = 9 - 2 + z + 4*l + 24*l**2 - 4. Is a(-7) a composite number?
False
Let g = 1 - 196. Let j = 539 - g. Is j a composite number?
True
Is 80998/6 - 10/(-25)*(-30)/18 a composite number?
False
Let i(d) = -d**3 - 7*d**2 - 8*d + 13. Suppose 4*h = -4*h - 40. Let q be i(h). Is 17*(-1)/q*-501 a composite number?
True
Let t be 1603738/(-531) - (-2)/9. Let c = t - -8059. Is c composite?
False
Suppose -o + 4 = 0, -1076*o + 351557 = 3*i - 1077*o. Is i a composite number?
True
Let x = 5061901 + -3263778. Is x a composite number?
False
Let b(q) = -2*q + 22. Let m be b(7). Suppose -86 = m*x + 90. Is (-2 - -12)/(x/(-7403)) prime?
False
Let a be 1882/((1 - 4) + 5). Let k = a - -960. Is k prime?
True
Let d(g) = -14*g**2 - 2*g. Let s be d(2). Let w = s - -55. Is -4 - -1 - (-1067 + 8 + w) a composite number?
False
Suppose -5*i + 2*v - 2 = 5*v, -2*i - 2*v - 4 = 0. Suppose -l - 14526 = -5*j - 1572, 2*j = -i*l + 5184. Is j a composite number?
False
Let l = -36236 - -60649. Suppose -5*o - 6118 = -l. Is o a prime number?
True
Let h be (4/(88/36597))/((-1)/(-4)). Is h*(3/2 - 1)*1 composite?
True
Is ((-1)/(2/5))/2 + 2067201/4 prime?
False
Suppose -2*s - 3*s + 20 = 4*m, -2*m = -5*s + 20. Suppose m = -16*r + 13*r + 2*w + 4103, 5464 = 4*r - 4*w. Is r a prime number?
False
Suppose 6126616 - 3119786 = 63*w - 5043373. Is w prime?
True
Let n(f) = -f**3 - 12*f**2 - 2*f - 29. Let b be n(-12). Let k be b/(-6)*-40*-75. Suppose g + 2*m + 121 - k = 0, -g - 3*m = -2377. Is g a prime number?
True
Let y be (-6)/(-10) + 328482/(-45) + -10. Let b = -1358 - y. Is b composite?
True
Let p(l) be the second derivative of -l**5/20 - 2*l**4/3 + 5*l**3/3 - 35*l**2/2 + 32*l - 2. Is p(-22) a composite number?
False
Let g(h) = -h**3 + h**2 + 1370. Let v be g(0). Suppose 0 = -3*z - j + 3*j - 2068, 3*j = -2*z - v. Let t = z - -981. Is t a prime number?
True
Let l(i) = 1246*i**3 + 9*i**2 - 6*i + 16. Is l(3) a composite number?
False
Suppose 5*n + 2*c + 2625 = 0, -3*n - 714 - 880 = 5*c. Let q = n - -1152. Is q a composite number?
True
Let i(z) = -z**2 - 14*z + 15. Let o(n) = n - 5. Let x be o(-10). Let g be i(x). Suppose g = -5*r + 703 + 352. Is r a prime number?
True
Suppose -499*f + 503*f - 289652 = 0. Suppose -15*n = -271312 - f. Is n a composite number?
True
Suppose 2*w + 186926 = 4*a + 4*w, 0 = 2*a - 3*w - 93443. Is a a prime number?
False
Suppose 0 = -2*i + 8, -n + 4*i - 25 = -13. Suppose -149455 - 37517 = -n*q. Is q composite?
True
Let g = 5 + -25. Let i be g/(-9) - 12/54. Suppose 2*c - 4*f = 626, i*c + 5*f - 579 = 74. Is c composite?
True
Let r(f) be the second derivative of 201*f**5/20 + 3*f**4/4 - 7*f**3/6 + 13*f**2/2 - 86*f - 3. Is r(6) composite?
False
Suppose 276232 = 4*u + 4*r, -217*r + 214*r - 345314 = -5*u. Is u composite?
False
Let m = -21919 - -56658. Is m a composite number?
False
Let b(z) = -84*z**2 - 5 + 77*z**2 + z**3 - 1 + 8*z. Let p be b(6). Is (p/(-27) - 1270/(-18))*3 a prime number?
True
Let g(s) = s**2 + 6*s - 3. Let l be g(-8). Let j(t) = t**2 - 10*t - 4. Let b be j(l). Suppose b + 30 = 5*r. Is r prime?
True
Suppose 61*d - 27515 = 51*d + 29855. Is d composite?
False
Let j(z) = 599*z**2 - 21*z + 119. Is j(4) prime?
True
Let d be (19/(-2))/((-4)/344). Suppose -2*g = -4*n + 22324, -3*g + 4764 = n - d. Is n prime?
True
Let s be (-18)/(-4) + (-3)/2. Suppose s*b - 5304 = -5*b. Let a = b - -106. Is a a prime number?
True
Is (184/100)/((-24)/(-247740))*5 a composite number?
True
Let w = -132080 - -670633. Is w a composite number?
False
Suppose 0 = -5*r + 4*b + 1226275, r + 26*b - 25*b = 245246. Is r a composite number?
False
Suppose -2 + 0 = -a. Suppose -2*h + 4*d - 2 = 12, -18 = -a*h - 4*d. Is h/3 - 994/(-6) composite?
True
Let p be 39525/(-124)*(-8)/3. Let g = -351 + p. Is g a composite number?
False
Suppose 38*z - 78 = 32*z. Suppose 5*o - 1 = 2*q - 12, z = 4*q - o. Suppose 3*l + t = 3048 + 50, -3*t + 3108 = q*l. Is l prime?
True
Let n(x) = -158 - 2793*x - 18 + 709*x + 43. Is n(-3) a composite number?
True
Let z(t) = -19 - 24 + 239*t - 8 - 25 + 20. Suppose 3*g - 39 -